s(k). Give a(6).
-11
Let d(p) = -p**2 - 5*p + 7. Let r(k) = -k**3 + 12*k**2 + 15*k - 2. Let y be r(13). Suppose 20*z - 24 = y*z. Give d(z).
1
Let x(c) = -c**2 + 11*c - 12. Let i = 161 + -151. Determine x(i).
-2
Let w(y) = -y**3 - 2*y**2 - 2*y - 1. Let a be w(-1). Let m(x) = -x**2 + x - 5. Let k be m(a). Let t(n) = 3 - n**2 - 3*n + 0*n - 3*n + 4*n. Calculate t(k).
-12
Let u(h) = h**3 + 4*h**2 + 3*h + 2. Suppose d - 5*g = -12, 2*g + 9 = 4*d + g. Let f be ((-2)/d)/((-20)/(-90)). Calculate u(f).
2
Let o(h) = -5*h**2 + 2*h + 3. Let c be o(-1). Let v(y) = 4*y + 5. What is v(c)?
-11
Let n(k) = 9*k**3 + 2*k**2 + 3*k + 6. Let b(d) = -7*d**3 - 2*d**2 - 2*d - 4. Let a(o) = -4*b(o) - 3*n(o). Determine a(2).
12
Let t(m) = m**3 + 9*m**2 - 10*m + 3. Let p be t(-10). Let d(v) = 6*v**3 - 5*v**2 + 2*v - 2. Let a(g) = -g**3 + g**2 - g. Let s(y) = p*a(y) + d(y). What is s(2)?
12
Let r = 375 + -375. Let j(l) = 2*l - 16. Determine j(r).
-16
Let o(u) = 6*u**2 - 15 - 14 + 2*u - 9 + 39. Calculate o(-2).
21
Suppose -3*s + l + 46 = 0, -3*s + 4*l - 14 + 45 = 0. Let y(d) = -d + 13. Give y(s).
-4
Let u(o) = -93 - 66*o**3 + 77*o**3 + 93. Let p(v) = -v**3 + 3*v**2 - v + 4. Let d be p(3). Give u(d).
11
Let k be 10/45 + (-68)/(-18). Let t(f) = 13*f**3 - 4*f**2 + 3*f + 9. Let w(s) = 7*s**3 - 2*s**2 + 2*s + 5. Let b(x) = 6*t(x) - 11*w(x). What is b(k)?
15
Let c(w) = 3*w + 1. Let n(l) = -19*l + 1. Let r(m) = -4*c(m) - n(m). Determine r(-4).
-33
Suppose 0 = 2*r - 4, f + 11*r - 10*r + 1 = 0. Let s(a) = a**3 + 4*a**2 + 3. Determine s(f).
12
Let d be (-570)/14 + 26/(-91). Let m = d - -35. Let g(u) = u**3 + 7*u**2 + 7*u - 4. Calculate g(m).
-10
Let d(j) = j - 9. Suppose 2*f = -2*f - 48. Let n = 14 + f. Suppose -5*v + 4*x + 18 = -n, -x - 5 = -3*v. What is d(v)?
-9
Let f(r) = r + 7. Let q be f(0). Let s(m) = 0*m - 1 + 5*m - q*m. Determine s(-2).
3
Let r be 6 - 48/((-24)/(-8)). Let n(b) = -2*b - 11. Determine n(r).
9
Suppose q + 8 = 3*q. Let g(j) = 3*j + 2. Let w(c) = -4*c - 3. Suppose -9*x - 16 = -x. Let s(a) = x*w(a) - 3*g(a). What is s(q)?
-4
Let z be (-38)/(-6) + (8/(-6))/4. Let x(f) = f**2 - 7*f. What is x(z)?
-6
Let y(p) = -p**2 - 5*p + 3. Suppose 4*c + 10 = 22. Suppose -3*f = -0*f + 2*r + 4, c*r = 2*f + 20. What is y(f)?
7
Let f(n) = 4 - 16*n - 13*n + 30*n - 8. Let u(a) = a**2 + 7*a + 4. Let m be u(-7). Determine f(m).
0
Let w be 336/60 + 3*(-1)/5. Let u(q) = q**3 - 6*q**2 + 4*q + 1. Determine u(w).
-4
Suppose -100 = -2*v - 10. Let d = v + -43. Let s(n) = n**2 + n - 1. What is s(d)?
5
Suppose 34 = -3*z + 40. Let y(h) = -z*h + 1 + 6 + 1. Calculate y(6).
-4
Let u(w) = -w**3 + 7*w**2 + 15*w + 23. Suppose -85 = 6*i - 139. Determine u(i).
-4
Let z be ((-5)/(-10))/((-3)/198). Let i = z + 37. Let d(p) be the third derivative of p**4/12 - 5*p**3/6 - p**2. Calculate d(i).
3
Let z = -7 + 1. Let b be 28/(-42) + (-4)/z. Let w(o) = -1 - 7*o - 8*o + b*o. What is w(-1)?
14
Let p = 131 - 124. Let m(f) = 2*f + 2. Give m(p).
16
Suppose 99*r - 139 = 98*r. Let n(h) = 1 - 2 - 2*h - 140*h**2 + r*h**2. Determine n(-1).
0
Let h(g) be the second derivative of -g**3 - 3*g**2 + 2*g - 1. Give h(5).
-36
Let b = 30 - 24. Let i(a) = -5*a**2 + 12*a - 1. Let x(d) = -d**2 + d - 1. Let w(f) = i(f) - 4*x(f). Give w(b).
15
Let u = -2648 - -2651. Let p(n) be the second derivative of -1/2*n**2 + 0 + 2/3*n**3 + u*n. Determine p(-1).
-5
Let f(j) be the third derivative of -j**6/120 + j**5/15 - 2*j**3/3 + 2*j**2. Suppose -16 = -13*y + 9*y. Calculate f(y).
-4
Let m(n) = 2*n + 3. Let j(o) be the first derivative of -5*o**2 - 16*o + 34. Let h be (-6)/(-3) - 9*-1. Let x(v) = h*m(v) + 2*j(v). Give x(4).
9
Suppose -v + 36 = -82. Let q(k) = -v*k + k**2 + 6 + 115*k - 7. Let u = -3 - -5. Give q(u).
-3
Let r(q) = 3*q. Let c be r(1). Let x(v) be the third derivative of -v**6/120 + v**5/20 - v**4/24 + 2*v**3/3 + v**2 + 2164. Calculate x(c).
1
Let n = 49 - 48. Let s(g) = -10*g**3 - 2*g + 5. Let k(w) = -29*w**3 - 6*w + 14. Let m(d) = -4*k(d) + 11*s(d). What is m(n)?
7
Let f(d) = -2*d**3 + 2*d**2 + 3*d - 2. Let j be ((-72)/(-60))/((-6)/(-20)). Suppose 0 = -j*v + 5*u - 17, 0*v + v + 5*u - 27 = 0. Determine f(v).
-4
Let m(i) = 32*i - 96. Let r(p) = 13*p - 40. Let h(t) = 5*m(t) - 12*r(t). Give h(4).
16
Let x(f) = -2*f**2 + f - 1. Let q = 4 - -9. Suppose -a = -2, -4*h + q = -5*h + 4*a. Let j be 5 + h + -1 + 2. Calculate x(j).
-2
Let z = -12 + 26. Suppose -64 + z = -5*l. Suppose l = 3*k - 8. Let g(q) = -q**2 + 5*q + 3. Determine g(k).
-3
Let l(x) = -6*x**2 + 2*x - 1. Let s(n) = 2*n**3 - 22*n**2 - 2*n + 23. Let f be s(11). Give l(f).
-5
Let d(s) = -2*s**3 - s**2 + s. Let r(i) = -11*i**3 + 3*i**2 - i + 5. Let g(z) = -5*d(z) + r(z). Determine g(7).
12
Let g(l) = 23*l**2 - 24*l - 10. Let q(a) = 29*a**2 - 25*a - 10. Let h(u) = 5*g(u) - 4*q(u). Give h(-19).
9
Let k(h) = h**2 + 11*h + 10. Let m be k(-10). Suppose 0 = -r - m*r. Let j(z) = z - 4 + r*z + 1. What is j(6)?
3
Let l be (3 - 11)*(-5)/8. Let u(z) = z**2 - 8*z + 3. What is u(l)?
-12
Let b(z) = -z**2 + 3*z + 3. Suppose 4*x - 5*o = 19, 6*o = 3*x + 2*o - 15. Suppose 44 = 3*y - x. Let f be (-2)/(-4) + y/6. What is b(f)?
3
Let r be ((-9)/(36/16) - -4) + 0. Let s = -2 + 4. Suppose -2*h + 2*p = -16, -s*h + 4*p - 5*p + 7 = r. Let l(j) = j**2 - 2*j - 6. Determine l(h).
9
Let z(a) = 8*a**2 + 10*a - 11. Let r(y) = -7*y**2 - 7*y + 10. Let p(j) = -6*r(j) - 5*z(j). What is p(6)?
19
Let n = 9 - -2. Let y = n - 16. Let q(l) be the third derivative of -l**6/120 - l**5/12 - l**4/24 - 5*l**3/6 - 3*l**2. Calculate q(y).
0
Let l(d) = 5*d**3 + 2*d**2 + d. Let i(u) be the first derivative of -u**4 - 2*u**3/3 - u**2/2 - 2. Let t(q) = 4*i(q) + 3*l(q). What is t(-2)?
2
Let s(k) = -2*k - 2. Let q(p) = p**3 + 7*p**2 + 14*p - 3. Let w be q(-3). What is s(w)?
16
Let p = 2168 - 2166. Let r(h) = h**2 - 6*h. Determine r(p).
-8
Let p(u) = 5*u - 3. Suppose 0 = -o - 4*o. Suppose o - 8 = -2*y. Suppose -y*b + 5*b = 2. What is p(b)?
7
Let z(n) = -n + 6. Let x(k) = -4 + 3*k - 4 - 2*k. Let c be x(15). Determine z(c).
-1
Let z(c) = 4*c**3 + c**2 - c - 1. Let k = 164 - 165. What is z(k)?
-3
Suppose 2*a = 9 + 5. Let q(b) = -3*b + 25. Let y(c) = -2*c + 17. Let z(f) = a*y(f) - 5*q(f). Give z(11).
5
Let k(m) = -3*m - 2. Let w be (4/(-3))/((-2)/3). Suppose 5*j + 10 = 0, -4*x - w*j - 2*j = 0. What is k(x)?
-8
Let j(g) = -g - 2. Let l(p) = p + 1. Let t(d) = 3*j(d) + 4*l(d). Let z(b) = 2*b + 3*b**2 - b - b**3 - 6 + 0*b + 3*b**2. Let q be z(6). Give t(q).
-2
Suppose 30*p - 117*p = 0. Let o(b) = -2*b**3 - 2*b + 1. Give o(p).
1
Let t = 120 + -222. Let p = 107 + t. Let b(v) = -v**2 + 4*v - 7. Give b(p).
-12
Let b be 14 - 19 - (39/(-6) - -1). Let r(y) be the second derivative of 0 - b*y**3 + 1/12*y**4 - y - y**2. Determine r(3).
-2
Let c = 233 + -242. Let h(a) = -4*a + 2. Give h(c).
38
Let h(t) = t + 12. Let s = -151 - -98. Let i = -60 - s. Calculate h(i).
5
Let k(p) = p**2 + 4*p + 1. Let s be k(-8). Let h be (21/(-2))/(s/(-44)). Suppose -2*n = -9*n - h. Let x(b) = -b**2 + 2*b + 2. Give x(n).
-6
Suppose y - 2 = -5, 4*g - 130 = 2*y. Let f(k) = -27*k + 6 + g*k - 1 + k**2. Determine f(-7).
26
Let l(x) be the first derivative of x**3 + x**2/2 - 4*x + 400. What is l(-2)?
6
Suppose 3*q - 4 - 11 = 0. Let p(k) = 0 - 4*k - k**2 - 3 + q + 1. What is p(-5)?
-2
Let t(h) = -h**2 + 8*h - 2. Suppose 0*v + 4*v = 2*z, -2*z = -5*v + 2. Give t(z).
14
Let x(u) be the third derivative of u**6/120 - u**5/10 + u**4/6 + u**3/2 - 5*u**2 - 22. Let m = 5 - 2. Let c = 7 - m. What is x(c)?
-13
Let h(w) = -235*w + 475*w - 238*w - 2. Calculate h(5).
8
Let c(p) = -12*p - 149. Let f be c(-12). Let i(j) = j - 3. What is i(f)?
-8
Let y(d) = 3*d + 7. Let q(n) = 10*n - 6 - 15*n**2 + 16*n**2 + 20. Let j be q(-7). What is y(j)?
-14
Let d(o) be the second derivative of o**4/6 + 2*o**3/3 - 2*o**2 + 3*o. Let q(v) = -v**2 + 13*v - 34. Let u be q(10). Give d(u).
12
Let w(k) = -71 + 213 - 70 - 70 - 6*k. Calculate w(1).
-4
Let g(s) = 2*s**2 + 11*s - 15. Let j(w) = 1. Let b(h) = g(h) + 5*j(h). Calculate b(-6).
-4
Let i be ((-6)/9)/(1/(-9)). Let k(l) = 93*l - 2 - 9*l**3 + 10*l**3 - 5*l**2 - 100*l. What is k(i)?
-8
Suppose 3*g + 3 = -12. Let p be (-4 + 7)/(3 - 0). Let t(f) = -3*f + 3 + f - p. Determine t(g).
12
Let d(h) = -h**3 - 12*h**2 + 27*h - 8. Let s be d(-14). Let t(l) be the first d